{"id":21,"date":"2013-11-18T19:20:10","date_gmt":"2013-11-18T19:20:10","guid":{"rendered":"http:\/\/insightyoga.dk\/?page_id=21"},"modified":"2014-08-26T18:08:47","modified_gmt":"2014-08-26T18:08:47","slug":"lej-yogarummet","status":"publish","type":"page","link":"https:\/\/insightyoga.dk\/?page_id=21","title":{"rendered":"Lej yogarummet"},"content":{"rendered":"<div style=\"text-align: left;\" align=\"center\"><span style=\"font-family: trebuchet ms,geneva; font-size: 12pt;\"><b>Vi lejer vores dejlige og lyse yogarum p\u00e5 30 kvadratmeter ud. <\/b><\/span><\/div>\n<div align=\"center\"><\/div>\n<div style=\"text-align: left;\" align=\"center\"><span style=\"font-family: arial,helvetica,sans-serif; font-size: 14px;\"><a href=\"http:\/\/in-sight.eu\/insightyoga.dk\/wp-content\/uploads\/2013\/10\/i61749723__szw440h440_.jpg\"><img class=\" wp-image-228 alignright\" src=\"http:\/\/insightyoga.dk\/wp-content\/uploads\/2013\/11\/i61749723__szw440h440_.jpg\" alt=\"i61749723__szw440h440_\" \/><\/a><span style=\"font-size: 12pt; font-family: trebuchet ms,geneva;\">Der er anl\u00e6g til mp3, m\u00e5tter, t\u00e6pper, b\u00e5nd og spineballs (til ma<\/span><\/span><span style=\"font-size: 12pt; font-family: trebuchet ms,geneva;\">ssage af ryg). Der er tilst\u00f8dende k\u00f8kken og toilet p\u00e5 opgangen.<\/span><\/div>\n<div style=\"text-align: left;\" align=\"center\"><\/div>\n<div style=\"text-align: left;\" align=\"center\"><span style=\"font-family: trebuchet ms,geneva; font-size: 12pt;\">Der m\u00e5 v\u00e6re 10 kursister + \u00e9n underviser i lokalet.<\/span><\/div>\n<div style=\"text-align: left;\" align=\"center\"><\/div>\n<div style=\"text-align: left;\" align=\"center\"><\/div>\n<div style=\"text-align: left;\" align=\"center\"><span style=\"font-family: trebuchet ms,geneva; font-size: 12pt;\">Sko er ikke tilladt.<\/span><\/div>\n<div style=\"text-align: left;\" align=\"center\"><span style=\"font-family: trebuchet ms,geneva; font-size: 12pt;\"><\/p>\n<p>Pris for leje pr. time: 150 kr.<\/span><\/div>\n<\/p>\n<div style=\"text-align: left;\" align=\"center\"><span style=\"font-family: trebuchet ms,geneva; font-size: 12pt;\"><\/p>\n<p>Pris for leje af weekend:<\/span><br \/>\n<span style=\"font-family: trebuchet ms,geneva; font-size: 12pt;\"> Fredag kl.18 &#8211; s\u00f8ndag kl. 22: 1.500 kr.<\/span><br \/>\n<span style=\"font-family: trebuchet ms,geneva; font-size: 12pt;\"> L\u00f8rdag kl. 07 &#8211; s\u00f8ndag kl. 22: 1.200 kr.<\/span><\/div>\n<\/p>\n<div style=\"text-align: left;\" align=\"center\"><span style=\"font-family: trebuchet ms,geneva; font-size: 12pt;\">Der er mulighed for fast leje.<\/span><\/div>\n<div style=\"text-align: left;\" align=\"center\"><\/div>\n<div style=\"text-align: left;\" align=\"center\"><\/div>\n<div style=\"text-align: left;\" align=\"center\">\n<p>&nbsp;<\/p>\n<p><span style=\"font-size: 12pt; font-family: trebuchet ms,geneva;\">Kontakt Iris for mere info:<\/span><br \/>\n<span style=\"font-family: trebuchet ms,geneva; font-size: 12pt;\"><a href=\"mailto:iris@in-sight.eu\">iris@in-sight.eu<\/a>, tlf. 20 64 58 19<\/span><\/p>\n<\/div>\n<div style=\"text-align: left;\" align=\"center\"><\/div>\n<p><a href=\"http:\/\/insightyoga.dk\/wp-content\/uploads\/2013\/11\/Logo_Yoga.jpg\"><img loading=\"lazy\" class=\"size-medium wp-image-51 aligncenter\" src=\"http:\/\/insightyoga.dk\/wp-content\/uploads\/2013\/11\/Logo_Yoga-233x300.jpg\" alt=\"Logo_Yoga\" width=\"150\" height=\"194\" \/><\/a><\/p>\n","protected":false},"excerpt":{"rendered":"<p>Vi lejer vores dejlige og lyse yogarum p\u00e5 30 kvadratmeter ud. Der er anl\u00e6g til mp3, m\u00e5tter, t\u00e6pper, b\u00e5nd og spineballs (til massage af ryg). Der er tilst\u00f8dende k\u00f8kken og toilet p\u00e5 opgangen. Der m\u00e5 v\u00e6re 10 kursister + \u00e9n &hellip; <a href=\"https:\/\/insightyoga.dk\/?page_id=21\">L\u00e6s resten <span class=\"meta-nav\">&rarr;<\/span><\/a><\/p>\n","protected":false},"author":1,"featured_media":0,"parent":0,"menu_order":700,"comment_status":"closed","ping_status":"closed","template":"onecolumn-page.php","meta":[],"_links":{"self":[{"href":"https:\/\/insightyoga.dk\/index.php?rest_route=\/wp\/v2\/pages\/21"}],"collection":[{"href":"https:\/\/insightyoga.dk\/index.php?rest_route=\/wp\/v2\/pages"}],"about":[{"href":"https:\/\/insightyoga.dk\/index.php?rest_route=\/wp\/v2\/types\/page"}],"author":[{"embeddable":true,"href":"https:\/\/insightyoga.dk\/index.php?rest_route=\/wp\/v2\/users\/1"}],"replies":[{"embeddable":true,"href":"https:\/\/insightyoga.dk\/index.php?rest_route=%2Fwp%2Fv2%2Fcomments&post=21"}],"version-history":[{"count":23,"href":"https:\/\/insightyoga.dk\/index.php?rest_route=\/wp\/v2\/pages\/21\/revisions"}],"predecessor-version":[{"id":339,"href":"https:\/\/insightyoga.dk\/index.php?rest_route=\/wp\/v2\/pages\/21\/revisions\/339"}],"wp:attachment":[{"href":"https:\/\/insightyoga.dk\/index.php?rest_route=%2Fwp%2Fv2%2Fmedia&parent=21"}],"curies":[{"name":"wp","href":"https:\/\/api.w.org\/{rel}","templated":true}]}}